)
-21
Evaluate -24 + (16 - -18) - (-35 - -114).
-69
What is (-16 - 9) + 32 + -21 - -77?
63
Calculate 21 - 1 - (-60 + 51 - -37) - (-80 + 1).
71
Calculate 5 + -13 + 48 + (8 - (-5 - -13)).
40
Evaluate (40 - 28) + (-50 - 1) + 11.
-28
Calculate -128 - (49 + 16 + -144).
-49
Calculate -6 - (-36 + 9) - (-2 - 1 - 6 - -6).
24
Calculate 13 + (-49 - -6) + 54.
24
Evaluate -21 + -20 + 117 + -2.
74
What is -91 + -7 + 1 + (-70 + 16 - -77)?
-74
Evaluate (-28 - -73) + -228 + -14 + 50.
-147
(16 + -11 - -10) + (-26 - -22)
11
(-25 - -10 - 0) + (-2 - -11 - (-17 - -20))
-9
Calculate -21 + 26 + -14 + -44 + -38.
-91
What is -10 + (34 - (2 + (1 - -15))) + 136?
142
What is the value of 3 - (-7 + 2 + -1 + -3 - (-31 + -32))?
-51
What is -6128 - -6198 - (0 + 17)?
53
What is 113 + (-15 + 8 + 2 + -4 - 3) + -8?
93
17 - (115 - 70 - (2 - 18))
-44
What is the value of 3 + (-2 - -9) + (-3 + 22 - (20 - 27))?
36
Calculate 57 - (-4 + (16 - (11 + -16 - -14))).
54
What is (32 - 69 - -27) + -30 + -3?
-43
Evaluate -299 - -179 - -41 - (-1 + -41).
-37
-16 + -306 + 270 + (63 - -1)
12
(3 - (-13 + 4)) + (-169 - -92) - (4 - 8)
-61
Evaluate 2 - (114 - 61 - 14).
-37
4 - (30 + -39 + 37) - (102 - 2)
-124
Evaluate 25 + -46 - ((8 - 0) + (11 - 1)).
-39
180 + -160 - (21 - (2 - 2))
-1
-24 + 21 + 0 + -6 + (130 - -1)
122
31415 + -31349 + -1 + -147
-82
-30 + -27 + 23 + 35
1
What is the value of -50 - ((-2 - 21 - -2) + 14)?
-43
What is the value of 226 - (86 + 153) - (24 - -1 - (-1 - 0))?
-39
What is -57 + 3 + 1 + 1 + (-20 - -28)?
-44
Evaluate -5 + (2 - 17) + (-41 - -56) - -42.
37
261 + -126 - (2 + 102)
31
(-2 - 45) + (-21 - ((20 - 4) + -59)) + -10
-35
Calculate (-17 - -1) + -18 + (7 - -8) + 96.
77
-1 - (1 - 0) - (265 - 130 - 145)
8
Evaluate (-2 - 62) + (-1975 - -2096).
57
What is the value of (9 - (-34 - (-17 + 28))) + -38?
16
Evaluate -43 + (23 - (-82 - -63)).
-1
-3500 + 3347 + (22 - -5)
-126
(0 - 15) + (34 - (30 - 15) - 14 - 9)
-19
What is -1 + -10 - (2500 + -2530) - (-1 - -35)?
-15
Calculate (-71 - -37) + -20 - -59.
5
What is the value of (14 + -33 - -123) + 44?
148
Evaluate -55 + -10 + 253 + -109.
79
Evaluate 82 + -9 - (17 + (-7 - 2 - -1)) - 11.
53
-78 + (21 - 79) + 60
-76
What is -28 + (11 - (-28 - -19)) + 47?
39
Evaluate -7 + 94 - ((2 - 24) + 18).
91
(-12 - -5 - -6) + (-11 - (-12 + 12 - -10))
-22
What is the value of 72 + -67 + -2 - -16?
19
Calculate (28 - 10) + (7 + -7 - -11) + -14.
15
Evaluate 13 + (22 - 11 - 0).
24
What is the value of -3 + (2 - (-35 + 4 + (-7 - -9) + 1))?
27
Calculate 20 + -9 + (-35 + 69 - 14).
31
What is the value of -5 + (23 - (-12 + 6) - (26 + -13))?
11
What is the value of 76 - (-28 + 130) - -87?
61
22 + 1 + -18 - 17
-12
-45 + 35 + (56 - (2 - (-2 - 2)))
40
What is (58 - (-4 - 0)) + (258 - 283) + -9?
28
Calculate (5 - (-6 + 7)) + -5 + (18 + -7 - 62).
-52
What is -18 + -11 + 34 + (119 - 163)?
-39
What is (-3 - -5) + (0 + -8 - (17 + 28 + -121))?
70
50 + -39 + (1 + 11 - (17 - 45))
51
Evaluate -6 + 68 - (1000 + -1010).
72
-39 - 43 - -91 - 19
-10
What is 112 - 134 - (12 + -6)?
-28
What is the value of -38 + 118 + -18 + 41 + -19?
84
(-4 - -1 - (-4 + 10)) + (-18 - -13)
-14
Evaluate -6 - (-3 - 23) - (269 - 267).
18
Calculate 19 + -15 + -16 + (34 - 63).
-41
What is -1494 - -1429 - (-22 - -1)?
-44
Evaluate 19 - (-46 - (3 + -6 - 24)).
38
What is (72 - -1) + (18 - (34 - 22)) + -18?
61
What is the value of -9 + -41 - (2 + 2 + -8 - -9)?
-55
Calculate 18 + 1 - (-151 - (-341 - -165)).
-6
What is 32 - (-53 + 97) - (-8 - -5 - -3)?
-12
Evaluate -568 - -553 - (3 - ((21 - -2) + -2)).
3
Evaluate 75 - 4 - (110 - 22).
-17
Calculate 0 - 5 - (-647 - -667).
-25
What is the value of -2 - 0 - -9 - (-108 + -21 + 130)?
6
What is -24 - -55 - (-40 + -11 - -18)?
64
What is the value of -40 + -56 + 20 - -35?
-41
Calculate (-68 - -72) + 12 + (2 - (4 + -4)).
18
What is the value of -3314 + 3254 - (1 + -51)?
-10
What is -1 + 1 + (13 - 3) - (-959 - -948)?
21
What is -53 - 19 - -159 - 204?
-117
Calculate (149 - 125) + -4 + -8 + -1 + -58.
-47
Calculate -3 + -23 - (-69 - -85) - (16 + -4).
-54
What is -31 - (-22 - 43) - 62 - (-6 + (1 - 2))?
-21
Evaluate 10 + (-4 - 34) + 70.
42
What is the value of (0 - (6 - ((-16 - -3 - -1) + 8))) + 25?
15
Calculate -5 + (-5 - -19) + (-821 - -782).
-30
What is the value of (-1 - 2) + -15 + (25 - 54)?
-47
What is the value of (9 - 26 - -17) + -7 + -8 + -4 + 0?
-19
Evaluate 435 + -404 - (-1 - -64).
-32
What is the value of -10 + (-71 - (7 - 5) - (-96 + 81))?
-68
What is 17 + (-12 - (19 - 39))?
25
What is the value of 1 + -1 + (10 - (3 + -6)) - -20?
33
Calculate (33 - (-4 - (-2 - 19))) + 5.
21
Evaluate -17 - (-36 - -19) - -18 - -9.
27
Evaluate -5 + -17 + (-16 - -45) + -49.
-42
Evaluate -43 + -34 + 48 + 5.
-24
What is -1 + 9 + -25 + (-7 - (3 - 6) - 2)?
-23
-5 + -2 + (1 - 10 - (-254 - -231)) + 117
124
-8 + 8 + -2 + -8 - ((66 - 15) + -14)
-47
(-42 - (-20 + -5)) + (0 - 54)
-71
What is (-63 - 3) + (-60 - -68 - -11)?
-47
10 + -47 + 119 + -46
36
What is (-181 - -74) + 76 + (-57 - 0)?
-88
Calculate 24 - (-48 + 18 + 89) - -28.
-7
Calculate (0 - (-1 + 0)) + -36 + 21 + -16 + -8.
-38
What is the value of -70 - (-79 + 90) - -152?
71
Calculate (5 - (12 + -5 - 10) - 7) + -65 + 58.
-6
What is the value of (-7 + -77 - (1 + -9)) + (2 - 5 - -15)?
-64
Evaluate -10 + -63 - (0 - -3) - (-79 + 73).
-70
-93 + 18 + (-11 - (20 + -6 + 10))
-110
What is the value of 2 + (-3 - (31 - -1)) + 129?
96
What is the value of 54 - ((-20 - (-44 + 13)) + (-3 - (1 - 1)))?
46
Evaluate -19 - (11 + -96 + 22) - -4.
48
Calculate (-16 + 2 - (-15 + (27 - 13))) + 0.
-13
Calculate (81 - 34) + (-6 - (-11 - (-5 - -3)) - 9).
41
What is the value of 2 - -1 - (2084 - 2062)?
-19
What is -321 - -311 - (-6 + 2 + 0) - 67?
-73
What is the value of 8 - -6 - (3 + 23 + -8 + -3)?
-1
Evaluate 0 - ((8 - -3) + 3) - (-1424 + 1412) - 35.
-37
Evaluate 56 + -26 + 5 + -113 + (-4 - -1) - 8.
-89
Evaluate -16 + (-23 - -18) - -8 - (2 - -30) - 0.
-45
What is the value of -5 + (-25 + 20 - (-13 - -3) - (4 - 1))?
-3
-54 - (60 - (-56 + 135))
-35
Evaluate 6 + -11 + 15 - (4 - 5) - 46.
-35
What is -23 - (13 - -12 - 34)?
-14
What is -967 + 973 + (-32 - -1) - 10?
-35
What is -6769 + 6784 + -26 + -2?
-13
Evaluate -746 - -841 - (110 - 10).
-5
Evaluate -7 + (-14 - 1 - ((-5 - -16) + -22)).
-11
What is the value of 3 - (-8 - ((19 - 11) + -20 + -1))?
-2
Calculate 125 + 65 + -73 - 52.
65
What is the value of 0 + 63 + (49 - (89 + -21))?
44
Evaluate 5 + (-25 - (-115 + -21)) - (2 + -4 + 4).
114
What is the value of -12 - 5 - (27 + -10 + -11)?
-23
What is (-17 - 28) + 28 + 45?
28
What is the value of -1 - -25 - (572 - 558)?
10
16 + 3 - (227 - 241)
33
Calculate (-6 + -11 - 22) + 46.
7
What is -125 + (6 - (-1 + 10 - (-45 - -59)))?
-114
Evaluate -41 + 12 + (-5 + 5 - (25 + -15)).
-39
What is (-19 - -10 - 1) + -26 - -6?
-30
Evaluate (-46 - -2) + (6 - 8) - (1141 + -1145).
-42
What is -4 - (-19 + -1 + (-274 - -310))?
-20
What is the value of -4 + 19 + 29 + -6 + 1?
39
Evaluate 2 - -1 - (63 + (28 - 55)).
-33
What is the value of 10 + 0 - (34 - (21 + 8))?
5
What is (2 - 2) + 10 - (389 + 474 + -762)?
-91
What is the value of (27 + -79 - -40) + (-30 - (2 + -4))?
-40
Calculate -1 - (-16 + (5 - (5 + -5))) - -22.
32
What is -16 + 1 + (100 - 75) + 0 + -5 + -51?
-46
-7 + (-47 - -2 - (-25 - (-3 - 7)))
-37
What is the value of -40 + 120 + -46 + -25?
9
Calculate (-6 - -25) + -39 + (0 - 12).
-32
What is -2 + (7 + 1 + -23 - -13) + -12?
-16
What is -24 - (-18 + -8) - (61 + 10 + -9)?
-60
What is the value of 20 + -4 - ((0 - -12) + (-82 - -83))?
3
What is the value of -61 + 67 + 7 - 45?
-32
What is the value of (-19 - (-41 - -32)) + (8 - (-40 + -6))?
44
2 - 1 - (25804 + -25723)
-80
Calculate -22 + 0 + (74 - 84 - (0 - -5)).
-37
What is (-14 + -1 - (91 - 121)) + -8 - (64 + -2)?
-55
What is the value of 309 + -352 + 0 + -3?
-46
Calculate (17 - -61) + (-1 + -2 - 3).
72
(39 - -1) + (1076 - 1153)
-37
What is -112 - ((12 - 11) + 2 + 1) - (1743 - 1740)?
-119
What is 60 + 66 - 132 - 112?
-118
What is 3 + 2 + -8 + 5 + (-3927 - -4011)?
86
Calculate -2 + (-1 - ((-18 - -13) + 43)) + 7.
-34
2 - 41 - (-98 - (-105 + 8))
-38
Calculate 2286 + -2241 - (1 + -4).
48
What is the value of 45 - (105 + -45 + -104)?
89
What is the value of -56 - (-121 - 52) - 57?
60
What is -17 - (1 - 12) - -10 - -17 - (-1 + -13)?
35
What is -